{"id":109,"date":"2023-04-13T13:32:03","date_gmt":"2023-04-13T13:32:03","guid":{"rendered":"https:\/\/fatp.web-carcassonne.com\/?page_id=109"},"modified":"2025-03-27T16:58:02","modified_gmt":"2025-03-27T16:58:02","slug":"coproduction-en-cours","status":"publish","type":"page","link":"https:\/\/fatp.fr\/index.php\/coproduction-en-cours\/","title":{"rendered":"Coproduction en cours"},"content":{"rendered":"<p>[et_pb_section fb_built=\u00a0\u00bb1&Prime; _builder_version=\u00a0\u00bb4.20.4&Prime; _module_preset=\u00a0\u00bbdefault\u00a0\u00bb background_color=\u00a0\u00bb#F57F11&Prime; background_image=\u00a0\u00bbhttps:\/\/fatp.fr\/wp-content\/uploads\/2023\/04\/Fond-menu.jpg\u00a0\u00bb background_enable_image=\u00a0\u00bboff\u00a0\u00bb background_position=\u00a0\u00bbcenter_right\u00a0\u00bb custom_padding=\u00a0\u00bb30px||28px|||\u00a0\u00bb background_color_tablet=\u00a0\u00bb#FFFFFF\u00a0\u00bb background_color_phone=\u00a0\u00bb#FFFFFF\u00a0\u00bb background_last_edited=\u00a0\u00bbon|desktop\u00a0\u00bb background_enable_color_tablet=\u00a0\u00bbon\u00a0\u00bb background_enable_color_phone=\u00a0\u00bbon\u00a0\u00bb global_module=\u00a0\u00bb128&Prime; global_colors_info=\u00a0\u00bb{}\u00a0\u00bb][et_pb_row _builder_version=\u00a0\u00bb4.20.4&Prime; _module_preset=\u00a0\u00bbdefault\u00a0\u00bb custom_padding=\u00a0\u00bb30px||10px|||\u00a0\u00bb global_colors_info=\u00a0\u00bb{}\u00a0\u00bb][et_pb_column type=\u00a0\u00bb4_4&Prime; _builder_version=\u00a0\u00bb4.20.4&Prime; _module_preset=\u00a0\u00bbdefault\u00a0\u00bb global_colors_info=\u00a0\u00bb{}\u00a0\u00bb][et_pb_post_title meta=\u00a0\u00bboff\u00a0\u00bb featured_image=\u00a0\u00bboff\u00a0\u00bb _builder_version=\u00a0\u00bb4.20.4&Prime; _module_preset=\u00a0\u00bbdefault\u00a0\u00bb title_font=\u00a0\u00bb|700|||||||\u00a0\u00bb title_text_color=\u00a0\u00bb#9C1006&Prime; text_orientation=\u00a0\u00bbcenter\u00a0\u00bb custom_margin=\u00a0\u00bb0px||||false|false\u00a0\u00bb custom_margin_tablet=\u00a0\u00bb3vh||||false|false\u00a0\u00bb custom_margin_phone=\u00a0\u00bb\u00a0\u00bb custom_margin_last_edited=\u00a0\u00bbon|desktop\u00a0\u00bb custom_padding_tablet=\u00a0\u00bb\u00a0\u00bb custom_padding_phone=\u00a0\u00bb\u00a0\u00bb custom_padding_last_edited=\u00a0\u00bbon|tablet\u00a0\u00bb global_colors_info=\u00a0\u00bb{}\u00a0\u00bb][\/et_pb_post_title][\/et_pb_column][\/et_pb_row][\/et_pb_section][et_pb_section fb_built=\u00a0\u00bb1&Prime; _builder_version=\u00a0\u00bb4.20.4&Prime; _module_preset=\u00a0\u00bbdefault\u00a0\u00bb global_colors_info=\u00a0\u00bb{}\u00a0\u00bb][et_pb_row _builder_version=\u00a0\u00bb4.20.4&Prime; _module_preset=\u00a0\u00bbdefault\u00a0\u00bb global_colors_info=\u00a0\u00bb{}\u00a0\u00bb][et_pb_column type=\u00a0\u00bb4_4&Prime; _builder_version=\u00a0\u00bb4.20.4&Prime; _module_preset=\u00a0\u00bbdefault\u00a0\u00bb global_colors_info=\u00a0\u00bb{}\u00a0\u00bb][et_pb_text disabled_on=\u00a0\u00bbon|on|on\u00a0\u00bb _builder_version=\u00a0\u00bb4.20.4&Prime; _module_preset=\u00a0\u00bbdefault\u00a0\u00bb header_3_text_color=\u00a0\u00bb#F57F11&Prime; header_3_font_size=\u00a0\u00bb18px\u00a0\u00bb header_3_line_height=\u00a0\u00bb1.3em\u00a0\u00bb text_orientation=\u00a0\u00bbcenter\u00a0\u00bb header_3_font_size_tablet=\u00a0\u00bb16px\u00a0\u00bb header_3_font_size_phone=\u00a0\u00bb14px\u00a0\u00bb header_3_font_size_last_edited=\u00a0\u00bbon|phone\u00a0\u00bb disabled=\u00a0\u00bbon\u00a0\u00bb global_colors_info=\u00a0\u00bb{}\u00a0\u00bb]<\/p>\n<h3>MA NUIT \u00c0 BEYROUTH<\/h3>\n<p>[\/et_pb_text][et_pb_text disabled_on=\u00a0\u00bbon|on|on\u00a0\u00bb _builder_version=\u00a0\u00bb4.20.4&Prime; _module_preset=\u00a0\u00bbdefault\u00a0\u00bb text_orientation=\u00a0\u00bbcenter\u00a0\u00bb disabled=\u00a0\u00bbon\u00a0\u00bb global_colors_info=\u00a0\u00bb{}\u00a0\u00bb]<\/p>\n<p>Un texte \u00e9crit et mise en sc\u00e8ne par <span>Mona El Yafi<\/span><\/p>\n<h3><span>DIPTYQUE TH\u00c9\u00c2TRE<\/span><\/h3>\n<p>&nbsp;<\/p>\n<p>[\/et_pb_text][et_pb_text _builder_version=\u00a0\u00bb4.20.4&Prime; _module_preset=\u00a0\u00bbdefault\u00a0\u00bb text_font_size=\u00a0\u00bb14px\u00a0\u00bb hover_enabled=\u00a0\u00bb0&Prime; text_font_size_tablet=\u00a0\u00bb\u00a0\u00bb text_font_size_phone=\u00a0\u00bb\u00a0\u00bb text_font_size_last_edited=\u00a0\u00bbon|phone\u00a0\u00bb global_colors_info=\u00a0\u00bb{}\u00a0\u00bb sticky_enabled=\u00a0\u00bb0&Prime;]<\/p>\n<p><span>Le soutien de la F\u00e9d\u00e9ration consiste en un apport de production <em>[gr\u00e2ce \u00e0 une subvention du Minist\u00e8re de la Culture]<\/em> et \u00e0 une tourn\u00e9e commune dans l&rsquo;ensemble du r\u00e9seau <strong>ATP<\/strong>.<\/span><\/p>\n<p><span>La tourn\u00e9e dans les <strong>ATP<\/strong> membres de la f\u00e9d\u00e9ration aura lieu sur la saison 2025-2026<\/span><\/p>\n<p>[\/et_pb_text][et_pb_text _builder_version=\u00a0\u00bb4.20.4&Prime; _module_preset=\u00a0\u00bbdefault\u00a0\u00bb text_font_size=\u00a0\u00bb14px\u00a0\u00bb hover_enabled=\u00a0\u00bb0&Prime; text_font_size_tablet=\u00a0\u00bb\u00a0\u00bb text_font_size_phone=\u00a0\u00bb\u00a0\u00bb text_font_size_last_edited=\u00a0\u00bbon|phone\u00a0\u00bb global_colors_info=\u00a0\u00bb{}\u00a0\u00bb sticky_enabled=\u00a0\u00bb0&Prime;]<\/p>\n<p>La <strong>F\u00e9d\u00e9ration d&rsquo;Associations de Th\u00e9\u00e2tre Populaire<\/strong> r\u00e9unie au CNES, La Chartreuse, apr\u00e8s avoir \u00e9cout\u00e9 la pr\u00e9sentation des trois projets finalistes, a choisi de soutenir pour la saison 2025-2026<\/p>\n<p>[\/et_pb_text][\/et_pb_column][\/et_pb_row][et_pb_row _builder_version=\u00a0\u00bb4.20.4&Prime; _module_preset=\u00a0\u00bbdefault\u00a0\u00bb global_colors_info=\u00a0\u00bb{}\u00a0\u00bb][et_pb_column type=\u00a0\u00bb4_4&Prime; _builder_version=\u00a0\u00bb4.20.4&Prime; _module_preset=\u00a0\u00bbdefault\u00a0\u00bb global_colors_info=\u00a0\u00bb{}\u00a0\u00bb][et_pb_blog posts_number=\u00a0\u00bb1&Prime; include_categories=\u00a0\u00bb10&Prime; show_thumbnail=\u00a0\u00bboff\u00a0\u00bb show_content=\u00a0\u00bbon\u00a0\u00bb show_author=\u00a0\u00bboff\u00a0\u00bb show_date=\u00a0\u00bboff\u00a0\u00bb show_categories=\u00a0\u00bboff\u00a0\u00bb show_pagination=\u00a0\u00bboff\u00a0\u00bb _builder_version=\u00a0\u00bb4.20.4&Prime; _module_preset=\u00a0\u00bbdefault\u00a0\u00bb text_orientation=\u00a0\u00bbcenter\u00a0\u00bb width=\u00a0\u00bb100%\u00a0\u00bb width_tablet=\u00a0\u00bb80%\u00a0\u00bb width_phone=\u00a0\u00bb100%\u00a0\u00bb width_last_edited=\u00a0\u00bbon|desktop\u00a0\u00bb module_alignment=\u00a0\u00bbcenter\u00a0\u00bb custom_css_main_element=\u00a0\u00bbh2.entry-title{display:none;}\u00a0\u00bb global_colors_info=\u00a0\u00bb{}\u00a0\u00bb][\/et_pb_blog][\/et_pb_column][\/et_pb_row][\/et_pb_section]<\/p>\n","protected":false},"excerpt":{"rendered":"<p>MA NUIT \u00c0 BEYROUTHUn texte \u00e9crit et mise en sc\u00e8ne par Mona El Yafi DIPTYQUE TH\u00c9\u00c2TRE &nbsp;Le soutien de la F\u00e9d\u00e9ration consiste en un apport de production [gr\u00e2ce \u00e0 une subvention du Minist\u00e8re de la Culture] et \u00e0 une tourn\u00e9e commune dans l&rsquo;ensemble du r\u00e9seau ATP. La tourn\u00e9e dans les ATP membres de la f\u00e9d\u00e9ration [&hellip;]<\/p>\n","protected":false},"author":1,"featured_media":0,"parent":0,"menu_order":0,"comment_status":"closed","ping_status":"closed","template":"","meta":{"_et_pb_use_builder":"on","_et_pb_old_content":"","_et_gb_content_width":"","footnotes":""},"class_list":["post-109","page","type-page","status-publish","hentry"],"_links":{"self":[{"href":"https:\/\/fatp.fr\/index.php\/wp-json\/wp\/v2\/pages\/109","targetHints":{"allow":["GET"]}}],"collection":[{"href":"https:\/\/fatp.fr\/index.php\/wp-json\/wp\/v2\/pages"}],"about":[{"href":"https:\/\/fatp.fr\/index.php\/wp-json\/wp\/v2\/types\/page"}],"author":[{"embeddable":true,"href":"https:\/\/fatp.fr\/index.php\/wp-json\/wp\/v2\/users\/1"}],"replies":[{"embeddable":true,"href":"https:\/\/fatp.fr\/index.php\/wp-json\/wp\/v2\/comments?post=109"}],"version-history":[{"count":17,"href":"https:\/\/fatp.fr\/index.php\/wp-json\/wp\/v2\/pages\/109\/revisions"}],"predecessor-version":[{"id":535,"href":"https:\/\/fatp.fr\/index.php\/wp-json\/wp\/v2\/pages\/109\/revisions\/535"}],"wp:attachment":[{"href":"https:\/\/fatp.fr\/index.php\/wp-json\/wp\/v2\/media?parent=109"}],"curies":[{"name":"wp","href":"https:\/\/api.w.org\/{rel}","templated":true}]}}

<p>[et_pb_section fb_built= »1&Prime; _builder_version= »4.20.4&Prime; _module_preset= »default » background_color= »#F57F11&Prime; background_image= »https://fatp.fr/wp-content/uploads/2023/04/Fond-menu.jpg » background_enable_image= »off » background_position= »center_right » custom_padding= »30px||28px||| » background_color_tablet= »#FFFFFF » background_color_phone= »#FFFFFF » background_last_edited= »on|desktop » background_enable_color_tablet= »on » background_enable_color_phone= »on » global_module= »128&Prime; global_colors_info= »{} »][et_pb_row _builder_version= »4.20.4&Prime; _module_preset= »default » custom_padding= »30px||10px||| » global_colors_info= »{} »][et_pb_column type= »4_4&Prime; _builder_version= »4.20.4&Prime; _module_preset= »default » global_colors_info= »{} »][et_pb_post_title meta= »off » featured_image= »off » _builder_version= »4.20.4&Prime; _module_preset= »default » title_font= »|700||||||| » title_text_color= »#9C1006&Prime; text_orientation= »center » custom_margin= »0px||||false|false » custom_margin_tablet= »3vh||||false|false » custom_margin_phone= » » custom_margin_last_edited= »on|desktop » custom_padding_tablet= » » custom_padding_phone= » » custom_padding_last_edited= »on|tablet » global_colors_info= »{} »][/et_pb_post_title][/et_pb_column][/et_pb_row][/et_pb_section][et_pb_section fb_built= »1&Prime; _builder_version= »4.20.4&Prime; _module_preset= »default » global_colors_info= »{} »][et_pb_row _builder_version= »4.20.4&Prime; _module_preset= »default » global_colors_info= »{} »][et_pb_column type= »4_4&Prime; _builder_version= »4.20.4&Prime; _module_preset= »default » global_colors_info= »{} »][et_pb_text disabled_on= »on|on|on » _builder_version= »4.20.4&Prime; _module_preset= »default » header_3_text_color= »#F57F11&Prime; header_3_font_size= »18px » header_3_line_height= »1.3em » text_orientation= »center » header_3_font_size_tablet= »16px » header_3_font_size_phone= »14px » header_3_font_size_last_edited= »on|phone » disabled= »on » global_colors_info= »{} »]</p>
<h3>MA NUIT À BEYROUTH</h3>
<p>[/et_pb_text][et_pb_text disabled_on= »on|on|on » _builder_version= »4.20.4&Prime; _module_preset= »default » text_orientation= »center » disabled= »on » global_colors_info= »{} »]</p>
<p>Un texte écrit et mise en scène par <span>Mona El Yafi</span></p>
<h3><span>DIPTYQUE THÉÂTRE</span></h3>
<p>&nbsp;</p>
<p>[/et_pb_text][et_pb_text _builder_version= »4.20.4&Prime; _module_preset= »default » text_font_size= »14px » hover_enabled= »0&Prime; text_font_size_tablet= » » text_font_size_phone= » » text_font_size_last_edited= »on|phone » global_colors_info= »{} » sticky_enabled= »0&Prime;]</p>
<p><span>Le soutien de la Fédération consiste en un apport de production <em>[grâce à une subvention du Ministère de la Culture]</em> et à une tournée commune dans l&rsquo;ensemble du réseau <strong>ATP</strong>.</span></p>
<p><span>La tournée dans les <strong>ATP</strong> membres de la fédération aura lieu sur la saison 2025-2026</span></p>
<p>[/et_pb_text][et_pb_text _builder_version= »4.20.4&Prime; _module_preset= »default » text_font_size= »14px » hover_enabled= »0&Prime; text_font_size_tablet= » » text_font_size_phone= » » text_font_size_last_edited= »on|phone » global_colors_info= »{} » sticky_enabled= »0&Prime;]</p>
<p>La <strong>Fédération d&rsquo;Associations de Théâtre Populaire</strong> réunie au CNES, La Chartreuse, après avoir écouté la présentation des trois projets finalistes, a choisi de soutenir pour la saison 2025-2026</p>
<p>[/et_pb_text][/et_pb_column][/et_pb_row][et_pb_row _builder_version= »4.20.4&Prime; _module_preset= »default » global_colors_info= »{} »][et_pb_column type= »4_4&Prime; _builder_version= »4.20.4&Prime; _module_preset= »default » global_colors_info= »{} »][et_pb_blog posts_number= »1&Prime; include_categories= »10&Prime; show_thumbnail= »off » show_content= »on » show_author= »off » show_date= »off » show_categories= »off » show_pagination= »off » _builder_version= »4.20.4&Prime; _module_preset= »default » text_orientation= »center » width= »100% » width_tablet= »80% » width_phone= »100% » width_last_edited= »on|desktop » module_alignment= »center » custom_css_main_element= »h2.entry-title{display:none;} » global_colors_info= »{} »][/et_pb_blog][/et_pb_column][/et_pb_row][/et_pb_section]</p>

<p>MA NUIT À BEYROUTHUn texte écrit et mise en scène par Mona El Yafi DIPTYQUE THÉÂTRE &nbsp;Le soutien de la Fédération consiste en un apport de production [grâce à une subvention du Ministère de la Culture] et à une tournée commune dans l&rsquo;ensemble du réseau ATP. La tournée dans les ATP membres de la fédération [&hellip;]</p>
