{"id":101,"date":"2023-04-13T13:28:46","date_gmt":"2023-04-13T13:28:46","guid":{"rendered":"https:\/\/fatp.web-carcassonne.com\/?page_id=101"},"modified":"2024-08-30T07:32:59","modified_gmt":"2024-08-30T07:32:59","slug":"histoire-de-la-fatp","status":"publish","type":"page","link":"https:\/\/fatp.fr\/index.php\/histoire-de-la-fatp\/","title":{"rendered":"Histoire de la FATP"},"content":{"rendered":"<p>[et_pb_section fb_built=\u00a0\u00bb1&Prime; _builder_version=\u00a0\u00bb4.20.4&Prime; _module_preset=\u00a0\u00bbdefault\u00a0\u00bb background_color=\u00a0\u00bb#F57F11&Prime; background_image=\u00a0\u00bbhttps:\/\/fatp.fr\/wp-content\/uploads\/2023\/04\/Fond-menu.jpg\u00a0\u00bb background_enable_image=\u00a0\u00bboff\u00a0\u00bb background_position=\u00a0\u00bbcenter_right\u00a0\u00bb custom_padding=\u00a0\u00bb30px||28px|||\u00a0\u00bb background_color_tablet=\u00a0\u00bb#FFFFFF\u00a0\u00bb background_color_phone=\u00a0\u00bb#FFFFFF\u00a0\u00bb background_last_edited=\u00a0\u00bbon|desktop\u00a0\u00bb background_enable_color_tablet=\u00a0\u00bbon\u00a0\u00bb background_enable_color_phone=\u00a0\u00bbon\u00a0\u00bb global_module=\u00a0\u00bb128&Prime; saved_tabs=\u00a0\u00bball\u00a0\u00bb global_colors_info=\u00a0\u00bb{}\u00a0\u00bb][et_pb_row _builder_version=\u00a0\u00bb4.20.4&Prime; _module_preset=\u00a0\u00bbdefault\u00a0\u00bb custom_padding=\u00a0\u00bb30px||10px|||\u00a0\u00bb global_colors_info=\u00a0\u00bb{}\u00a0\u00bb][et_pb_column type=\u00a0\u00bb4_4&Prime; _builder_version=\u00a0\u00bb4.20.4&Prime; _module_preset=\u00a0\u00bbdefault\u00a0\u00bb global_colors_info=\u00a0\u00bb{}\u00a0\u00bb][et_pb_post_title meta=\u00a0\u00bboff\u00a0\u00bb featured_image=\u00a0\u00bboff\u00a0\u00bb _builder_version=\u00a0\u00bb4.20.4&Prime; _module_preset=\u00a0\u00bbdefault\u00a0\u00bb title_font=\u00a0\u00bb|700|||||||\u00a0\u00bb title_text_color=\u00a0\u00bb#9C1006&Prime; text_orientation=\u00a0\u00bbcenter\u00a0\u00bb custom_margin=\u00a0\u00bb0px||||false|false\u00a0\u00bb custom_margin_tablet=\u00a0\u00bb3vh||||false|false\u00a0\u00bb custom_margin_phone=\u00a0\u00bb\u00a0\u00bb custom_margin_last_edited=\u00a0\u00bbon|desktop\u00a0\u00bb custom_padding_tablet=\u00a0\u00bb\u00a0\u00bb custom_padding_phone=\u00a0\u00bb\u00a0\u00bb custom_padding_last_edited=\u00a0\u00bbon|tablet\u00a0\u00bb global_colors_info=\u00a0\u00bb{}\u00a0\u00bb][\/et_pb_post_title][\/et_pb_column][\/et_pb_row][\/et_pb_section][et_pb_section fb_built=\u00a0\u00bb1&Prime; _builder_version=\u00a0\u00bb4.20.4&Prime; _module_preset=\u00a0\u00bbdefault\u00a0\u00bb custom_padding=\u00a0\u00bb30px|||||\u00a0\u00bb global_colors_info=\u00a0\u00bb{}\u00a0\u00bb][et_pb_row _builder_version=\u00a0\u00bb4.20.4&Prime; _module_preset=\u00a0\u00bbdefault\u00a0\u00bb custom_padding=\u00a0\u00bb||9px|||\u00a0\u00bb global_colors_info=\u00a0\u00bb{}\u00a0\u00bb][et_pb_column type=\u00a0\u00bb4_4&Prime; _builder_version=\u00a0\u00bb4.20.4&Prime; _module_preset=\u00a0\u00bbdefault\u00a0\u00bb global_colors_info=\u00a0\u00bb{}\u00a0\u00bb][et_pb_text _builder_version=\u00a0\u00bb4.20.4&Prime; _module_preset=\u00a0\u00bbdefault\u00a0\u00bb header_2_text_color=\u00a0\u00bb#9C1006&Prime; header_2_font_size=\u00a0\u00bb20px\u00a0\u00bb header_2_line_height=\u00a0\u00bb1.3em\u00a0\u00bb custom_margin=\u00a0\u00bb||7px|||\u00a0\u00bb header_2_font_size_tablet=\u00a0\u00bb18px\u00a0\u00bb header_2_font_size_phone=\u00a0\u00bb16px\u00a0\u00bb header_2_font_size_last_edited=\u00a0\u00bbon|phone\u00a0\u00bb global_colors_info=\u00a0\u00bb{}\u00a0\u00bb]<\/p>\n<h2>Des associations de spectateurs<\/h2>\n<p>[\/et_pb_text][\/et_pb_column][\/et_pb_row][et_pb_row column_structure=\u00a0\u00bb1_2,1_2&Prime; make_equal=\u00a0\u00bbon\u00a0\u00bb _builder_version=\u00a0\u00bb4.20.4&Prime; _module_preset=\u00a0\u00bbdefault\u00a0\u00bb custom_padding=\u00a0\u00bb20px|||||\u00a0\u00bb global_colors_info=\u00a0\u00bb{}\u00a0\u00bb][et_pb_column type=\u00a0\u00bb1_2&Prime; _builder_version=\u00a0\u00bb4.20.4&Prime; _module_preset=\u00a0\u00bbdefault\u00a0\u00bb global_colors_info=\u00a0\u00bb{}\u00a0\u00bb][et_pb_text _builder_version=\u00a0\u00bb4.20.4&Prime; _module_preset=\u00a0\u00bbdefault\u00a0\u00bb header_3_text_color=\u00a0\u00bb#F57F11&Prime; header_3_font_size=\u00a0\u00bb18px\u00a0\u00bb header_3_line_height=\u00a0\u00bb1.3em\u00a0\u00bb custom_margin=\u00a0\u00bb||18px|||\u00a0\u00bb header_3_font_size_tablet=\u00a0\u00bb16px\u00a0\u00bb header_3_font_size_phone=\u00a0\u00bb14px\u00a0\u00bb header_3_font_size_last_edited=\u00a0\u00bbon|phone\u00a0\u00bb global_colors_info=\u00a0\u00bb{}\u00a0\u00bb]<\/p>\n<h3>Les Amis du Th\u00e9\u00e2tre Populaire &#8211; Une histoire<\/h3>\n<p>[\/et_pb_text][et_pb_text _builder_version=\u00a0\u00bb4.20.4&Prime; _module_preset=\u00a0\u00bbdefault\u00a0\u00bb text_orientation=\u00a0\u00bbjustified\u00a0\u00bb custom_margin=\u00a0\u00bb||21px|||\u00a0\u00bb hover_enabled=\u00a0\u00bb0&Prime; global_colors_info=\u00a0\u00bb{}\u00a0\u00bb disabled_on=\u00a0\u00bbon|on|on\u00a0\u00bb disabled=\u00a0\u00bbon\u00a0\u00bb sticky_enabled=\u00a0\u00bb0&Prime;]<\/p>\n<p>Aux lendemains de la <em>\u00ab\u00a0bataille de Chaillot\u201d<\/em>, qui voit se grouper les <strong>Amis du TNP<\/strong> en 1952, les Amis du Th\u00e9\u00e2tre Populaire se constituent en association \u00e0 Paris en 1953, et quelques mois plus tard, c\u2019est la fondation des <strong>ATP d\u2019Avignon<\/strong> pour mener la <em>\u00ab\u00a0bataille d\u2019Avignon\u201d<\/em>, qui aboutit au maintien de <strong>Jean Vilar<\/strong> \u00e0 la t\u00eate du festival.<\/p>\n<p>[\/et_pb_text][et_pb_text _builder_version=\u00a0\u00bb4.20.4&Prime; _module_preset=\u00a0\u00bbdefault\u00a0\u00bb text_orientation=\u00a0\u00bbjustified\u00a0\u00bb custom_margin=\u00a0\u00bb||19px|||\u00a0\u00bb hover_enabled=\u00a0\u00bb0&Prime; global_colors_info=\u00a0\u00bb{}\u00a0\u00bb sticky_enabled=\u00a0\u00bb0&Prime;]<\/p>\n<p>On peut dire qu\u2019\u00e0 Avignon autant qu\u2019\u00e0 Paris, les <strong>ATP<\/strong> sont n\u00e9s d\u2019un combat. Charg\u00e9es \u00e0 partir de 1954, de la cr\u00e9ation et de l\u2019organisation des manifestations annexes du festival au <strong>Verger d\u2019Urbain V<\/strong>, de l\u2019accueil du public et de l\u2019h\u00e9bergement des spectateurs, les <strong>ATP<\/strong> d\u2019Avignon prennent d\u00e8s 1955 la responsabilit\u00e9 d\u2019une premi\u00e8re saison th\u00e9\u00e2trale dans leur ville, avec l\u2019appui de la municipalit\u00e9. Le succ\u00e8s leur permet de poursuivre chaque ann\u00e9e cette exp\u00e9rience, qui va susciter dans diverses r\u00e9gions de France, la cr\u00e9ation de multiples associations, dont l\u2019objectif sera la r\u00e9alisation d\u2019un projet semblable.<\/p>\n<p>[\/et_pb_text][et_pb_text _builder_version=\u00a0\u00bb4.20.4&Prime; _module_preset=\u00a0\u00bbdefault\u00a0\u00bb text_orientation=\u00a0\u00bbjustified\u00a0\u00bb custom_margin=\u00a0\u00bb||19px|||\u00a0\u00bb hover_enabled=\u00a0\u00bb0&Prime; global_colors_info=\u00a0\u00bb{}\u00a0\u00bb sticky_enabled=\u00a0\u00bb0&Prime;]<\/p>\n<p>En 1966, une <strong>F\u00e9d\u00e9ration des ATP<\/strong> se constitue \u00e0 l\u2019initiative des <strong>ATP d\u2019Avignon, Aix-en Provence, N\u00eemes, de l\u2019ACTA de Grenoble et des ATA de Villefranche-sur-Sa\u00f4ne<\/strong>. Son si\u00e8ge est fix\u00e9 au Palais des Papes \u00e0 Avignon. Il s\u2019agit d\u2019abord de mettre en commun des informations, de coordonner les calendriers et itin\u00e9raires des tourn\u00e9es, de r\u00e9duire les co\u00fbts de production, d\u2019\u00e9diter un mat\u00e9riel de documentation de large diffusion, d\u2019\u00e9changer des exp\u00e9riences, d\u2019aider \u00e0 la cr\u00e9ation de nouvelles associations, tout en conservant une totale autonomie dans leurs actions propres et notamment leur programmation.<\/p>\n<p>[\/et_pb_text][\/et_pb_column][et_pb_column type=\u00a0\u00bb1_2&Prime; _builder_version=\u00a0\u00bb4.20.4&Prime; _module_preset=\u00a0\u00bbdefault\u00a0\u00bb background_image=\u00a0\u00bbhttps:\/\/fatp.fr\/wp-content\/uploads\/2023\/04\/1-Jean-Vilar-au-Verger-Photographie-Jean-Rouvet-\u00a9-AJV.jpg\u00a0\u00bb global_colors_info=\u00a0\u00bb{}\u00a0\u00bb][et_pb_image src=\u00a0\u00bbhttps:\/\/fatp.fr\/wp-content\/uploads\/2023\/04\/1-Jean-Vilar-au-Verger-Photographie-Jean-Rouvet-\u00a9-AJV.jpg\u00a0\u00bb title_text=\u00a0\u00bb1 &#8211; Jean Vilar au Verger &#8211; Photographie Jean Rouvet \u00a9 AJV\u00a0\u00bb disabled_on=\u00a0\u00bboff|off|on\u00a0\u00bb _builder_version=\u00a0\u00bb4.20.4&Prime; _module_preset=\u00a0\u00bbdefault\u00a0\u00bb global_colors_info=\u00a0\u00bb{}\u00a0\u00bb][\/et_pb_image][\/et_pb_column][\/et_pb_row][et_pb_row column_structure=\u00a0\u00bb1_2,1_2&Prime; make_equal=\u00a0\u00bbon\u00a0\u00bb _builder_version=\u00a0\u00bb4.20.4&Prime; _module_preset=\u00a0\u00bbdefault\u00a0\u00bb custom_padding=\u00a0\u00bb20px|||||\u00a0\u00bb hover_enabled=\u00a0\u00bb0&Prime; global_colors_info=\u00a0\u00bb{}\u00a0\u00bb sticky_enabled=\u00a0\u00bb0&Prime;][et_pb_column type=\u00a0\u00bb1_2&Prime; _builder_version=\u00a0\u00bb4.20.4&Prime; _module_preset=\u00a0\u00bbdefault\u00a0\u00bb background_image=\u00a0\u00bbhttps:\/\/fatp.fr\/wp-content\/uploads\/2023\/04\/1958_Vilar_Photo_Jean_Rouvet.jpg\u00a0\u00bb hover_enabled=\u00a0\u00bb0&Prime; global_colors_info=\u00a0\u00bb{}\u00a0\u00bb background_position=\u00a0\u00bbtop_center\u00a0\u00bb sticky_enabled=\u00a0\u00bb0&Prime;][\/et_pb_column][et_pb_column type=\u00a0\u00bb1_2&Prime; _builder_version=\u00a0\u00bb4.20.4&Prime; _module_preset=\u00a0\u00bbdefault\u00a0\u00bb global_colors_info=\u00a0\u00bb{}\u00a0\u00bb][et_pb_text _builder_version=\u00a0\u00bb4.20.4&Prime; _module_preset=\u00a0\u00bbdefault\u00a0\u00bb text_orientation=\u00a0\u00bbjustified\u00a0\u00bb custom_margin=\u00a0\u00bb||20px|||\u00a0\u00bb global_colors_info=\u00a0\u00bb{}\u00a0\u00bb]<\/p>\n<p>C\u2019est ainsi qu\u2019en 1977, les<strong> ATP d\u2019Al\u00e8s<\/strong> cr\u00e9ent un Festival du jeune th\u00e9\u00e2tre ax\u00e9 sur la recherche. <strong>La F\u00e9d\u00e9ration des ATP<\/strong> franchit en 1987 une nouvelle \u00e9tape en s\u2019associant \u00e0 la Chartreuse de Villeneuve-lez-Avignon et \u00e0 l\u2019<strong>ONDA<\/strong> &#8211; Office National de Diffusion Artistique &#8211; pour soutenir une jeune compagnie dans la cr\u00e9ation d\u2019une \u0153uvre originale que chaque association s\u2019engage \u00e0 diffuser en l\u2019int\u00e9grant \u00e0 sa programmation.<\/p>\n<p>[\/et_pb_text][et_pb_text _builder_version=\u00a0\u00bb4.20.4&Prime; _module_preset=\u00a0\u00bbdefault\u00a0\u00bb text_orientation=\u00a0\u00bbjustified\u00a0\u00bb custom_margin=\u00a0\u00bb||17px|||\u00a0\u00bb global_colors_info=\u00a0\u00bb{}\u00a0\u00bb]<\/p>\n<p>Depuis 1993, la F\u00e9d\u00e9ration, reconnue par la Direction du Th\u00e9\u00e2tre du <strong>Minist\u00e8re de la Culture<\/strong>, intervient chaque ann\u00e9e, dans la tourn\u00e9e commune et la coproduction d\u2019une \u0153uvre d&rsquo;un auteur francophone contemporain, choisie par ses repr\u00e9sentants.<\/p>\n<p>[\/et_pb_text][et_pb_text _builder_version=\u00a0\u00bb4.20.4&Prime; _module_preset=\u00a0\u00bbdefault\u00a0\u00bb global_colors_info=\u00a0\u00bb{}\u00a0\u00bb]<\/p>\n<p><strong>Jean Autrand<\/strong><br \/>Pr\u00e9sident-fondateur des ATP d\u2019Avignon (1954-2015)<br \/>Pr\u00e9sident d\u2019honneur fondateur de la FATP (1966-2015)<\/p>\n<p>[\/et_pb_text][et_pb_text _builder_version=\u00a0\u00bb4.20.4&Prime; _module_preset=\u00a0\u00bbdefault\u00a0\u00bb text_orientation=\u00a0\u00bbjustified\u00a0\u00bb custom_margin=\u00a0\u00bb||21px|||\u00a0\u00bb hover_enabled=\u00a0\u00bb0&Prime; global_colors_info=\u00a0\u00bb{}\u00a0\u00bb text_font=\u00a0\u00bb||on||||||\u00a0\u00bb sticky_enabled=\u00a0\u00bb0&Prime;]<\/p>\n<p>La premi\u00e8re association a \u00e9t\u00e9 cr\u00e9\u00e9e \u00e0 Avignon. L\u2019important de l\u2019apport des <strong>ATP<\/strong>, c\u2019est le choix\u2026 Nous avons ainsi d\u00e9couvert un nouveau public, un public averti, exigeant et fid\u00e8le. Combien de spectacles ont vu le jour gr\u00e2ce \u00e0 l\u2019action conjugu\u00e9e de l\u2019<strong>ONDA<\/strong> et des associations de spectateurs ? Si elles venaient \u00e0 dispara\u00eetre, elles mettraient encore plus \u00e0 nu la fragilit\u00e9 dans laquelle nous \u00e9voluons, nous les artistes. Je crois que l\u2019une des grandes r\u00e9volutions des <strong>ATP<\/strong>, c\u2019est que ce sont des spectateurs qui ont pris leur destin en main. Et cela, c\u2019est essentiel.<br \/><strong>Philippe Avron<\/strong><\/p>\n<p>[\/et_pb_text][\/et_pb_column][\/et_pb_row][\/et_pb_section]<\/p>\n","protected":false},"excerpt":{"rendered":"<p>Des associations de spectateursLes Amis du Th\u00e9\u00e2tre Populaire &#8211; Une histoireAux lendemains de la \u00ab\u00a0bataille de Chaillot\u201d, qui voit se grouper les Amis du TNP en 1952, les Amis du Th\u00e9\u00e2tre Populaire se constituent en association \u00e0 Paris en 1953, et quelques mois plus tard, c\u2019est la fondation des ATP d\u2019Avignon pour mener la \u00ab\u00a0bataille [&hellip;]<\/p>\n","protected":false},"author":1,"featured_media":0,"parent":0,"menu_order":0,"comment_status":"closed","ping_status":"closed","template":"","meta":{"_et_pb_use_builder":"on","_et_pb_old_content":"","_et_gb_content_width":"","footnotes":""},"class_list":["post-101","page","type-page","status-publish","hentry"],"_links":{"self":[{"href":"https:\/\/fatp.fr\/index.php\/wp-json\/wp\/v2\/pages\/101","targetHints":{"allow":["GET"]}}],"collection":[{"href":"https:\/\/fatp.fr\/index.php\/wp-json\/wp\/v2\/pages"}],"about":[{"href":"https:\/\/fatp.fr\/index.php\/wp-json\/wp\/v2\/types\/page"}],"author":[{"embeddable":true,"href":"https:\/\/fatp.fr\/index.php\/wp-json\/wp\/v2\/users\/1"}],"replies":[{"embeddable":true,"href":"https:\/\/fatp.fr\/index.php\/wp-json\/wp\/v2\/comments?post=101"}],"version-history":[{"count":20,"href":"https:\/\/fatp.fr\/index.php\/wp-json\/wp\/v2\/pages\/101\/revisions"}],"predecessor-version":[{"id":361,"href":"https:\/\/fatp.fr\/index.php\/wp-json\/wp\/v2\/pages\/101\/revisions\/361"}],"wp:attachment":[{"href":"https:\/\/fatp.fr\/index.php\/wp-json\/wp\/v2\/media?parent=101"}],"curies":[{"name":"wp","href":"https:\/\/api.w.org\/{rel}","templated":true}]}}